1765/20 + 4)*112/21. Calculate the greatest common divisor of h and 36.
12
Suppose 1068*z - 105 = -4*y + 1069*z, 4*y + 4*z - 120 = 0. Suppose j + u - 21 = -u, 2*j + 2*u - 48 = 0. Calculate the highest common factor of j and y.
27
Let m = 4069 - 3739. Let o = 25 - 15. What is the highest common factor of o and m?
10
Suppose -2210 + 605 = 15*p. Let q = 120 + p. What is the greatest common divisor of 325 and q?
13
Suppose -19*x + 198 = -8*x. Let v be 93*(2/9 - (-26)/x). Calculate the highest common factor of v and 62.
31
Suppose -2790 = 10*l + 3*l - 14776. Calculate the highest common factor of 2 and l.
2
Let v be 4/(-18) + 65/9. Let l be (-13)/1*(-2)/(-3)*-3. Let a = l - -9. Calculate the greatest common factor of a and v.
7
Suppose -2*y + 181 = -m, -29 = 2*y + 3*m - 214. Suppose -3144 + 2507 = -91*u. What is the greatest common divisor of u and y?
7
Let t(d) = -22*d - 33*d - 15*d + 32 + 66*d. Let g be t(2). Calculate the greatest common divisor of 126 and g.
6
Let d(t) = t**3 - 18*t**2 - 12*t - 23. Suppose 3*s - 4*s = -19. Let k be d(s). Let o be (3 - -2)/((-2)/(-4)). What is the highest common factor of o and k?
10
Let h(c) = -43*c**2 - 3*c - 2. Let k be h(-2). Let x be (7/14 - 2)/(9/k). What is the greatest common factor of x and 21?
7
Let f = 57 - 48. Let x be 3/f - -41*3/9. Calculate the greatest common factor of 266 and x.
14
Suppose -5*o = -4*u - 444, 2*o - 4*u + 47 = 215. Calculate the highest common divisor of 529 and o.
23
Suppose 208 = 28*b - 36*b. Let d be (-2)/(-4)*23 - 13/b. Calculate the greatest common factor of d and 228.
12
Suppose -3*u + 124 = -3*h + 544, 2*u = -4*h + 560. Let n(l) = -9*l**3 - 33*l**2 - 3*l - 4. Let w be n(-4). What is the highest common divisor of w and h?
28
Suppose p + 24 = 2*w - 75, -4*p - 357 = 5*w. Let z = -59 - p. Let k = 63615 + -63613. Calculate the greatest common divisor of z and k.
2
Suppose 568 = -2*p + 2*v, -2*v - 1142 = 4*p - 0*p. Let y = p - -339. Calculate the greatest common divisor of 42 and y.
6
Let h(d) = -5*d**2 - 17*d - 22. Let i(a) = 9*a**2 + 33*a + 46. Let t(f) = 11*h(f) + 6*i(f). Let l be t(13). Calculate the greatest common divisor of l and 1.
1
Let c(g) = -2*g**3 + 39*g**2 + 52*g - 734. Let k be c(19). Calculate the greatest common divisor of k and 492.
123
Suppose o - 252 = -3*f, 514 = 111*o - 109*o - 4*f. What is the greatest common divisor of 1065 and o?
15
Let f be 8/(-14)*(-28)/8. Suppose -2*k + f*y = -32, 5*k + 0*y + 4*y = 71. Suppose 3*z - 180 = -z. What is the highest common divisor of z and k?
15
Suppose -2 = -2*n - 3*c, 2*n + 138*c = 141*c + 14. What is the highest common factor of 176 and n?
4
Let h = -26038 - -26043. What is the greatest common factor of 355 and h?
5
Let h = 51 + -24. Suppose 116*k - 13*k = -k + 10296. What is the highest common divisor of h and k?
9
Suppose 12*x - 4*z = 14*x - 24, -4*z = -3*x + 36. What is the highest common factor of x and 1452?
12
Let i(b) = 10*b**2 + 3*b - 4. Let m be i(-4). Suppose 5*y + 8*q - 10*q - 172 = 0, 5*y - 5*q - 160 = 0. Calculate the highest common divisor of m and y.
36
Suppose 7*d - 2*d + 5*c = 3940, 0 = 4*d + 2*c - 3168. What is the highest common factor of 8557 and d?
199
Suppose -4*h - 5*x = -102, 105 = 5*h - 2*x - 3*x. Let p = 43 - 45. Let l be (1 - p/(-1)) + 254. Calculate the greatest common divisor of h and l.
23
Let f(q) = q**2 - 107*q + 2782. Let u be f(66). Calculate the greatest common divisor of 192 and u.
4
Suppose -o - k + 7 = 0, 3*o - k - 39 = 2*k. Suppose 2*g + a = 77, -7*a + o*a = 15. Suppose -20 = -0*f - 5*f. What is the highest common factor of g and f?
4
Let r = 6481 + -6473. What is the highest common factor of 4096 and r?
8
Let h = 3771 + -1623. What is the highest common divisor of 96 and h?
12
Suppose -2*u - 14 = -3*u. Let v(f) = 74*f - 179. Let p be v(18). Suppose 13*n - 121 = p. Calculate the greatest common divisor of n and u.
14
Suppose 7*j - 203 = 406. Suppose -j*p + 72*p = -3390. Calculate the greatest common factor of 2 and p.
2
Let r(d) = 4*d + 5. Let s be r(2). Let g = 1208 + -675. What is the greatest common factor of s and g?
13
Let k be 1 - -33 - (-1)/(-1). Let w(z) = 1000*z - 5978. Let q be w(6). Calculate the highest common factor of q and k.
11
Let u = -269 + 269. Suppose u = -5*h - 15, 3*h - 119 = -3*p + 1. What is the greatest common factor of 172 and p?
43
Let m be (-369)/1107 + 866/6. What is the greatest common divisor of m and 3264?
48
Let h = 3 - -11. Let t be h + (12/4 - 1). Let u be 573/18 + (-13)/(-78). Calculate the greatest common factor of t and u.
16
Suppose 2*i - 107 = -5*r + 175, -3*i + 403 = 5*r. Calculate the greatest common divisor of i and 1969.
11
Suppose -4*u - 3*b + 500 = 0, -135*u + 137*u - 260 = b. Calculate the highest common factor of u and 1664.
128
Let o(s) = 20*s + 600. Let n be o(-27). Calculate the highest common factor of n and 588.
12
Let f be (14/(2/(-2)))/(((-39879)/(-108))/(-211)). Let v be -2*2/(-4)*-4. Let z = -2 - v. Calculate the greatest common divisor of z and f.
2
Suppose 28*s = 72861 + 91667. Calculate the greatest common divisor of 52 and s.
52
Suppose 4*v + 2*j - 172 = 0, -6*j = -5*v - 7*j + 212. Calculate the greatest common factor of 12 and v.
6
Suppose 338 = n - 5*d, -3*n = -58*d + 56*d - 936. Calculate the greatest common divisor of 13684 and n.
44
Suppose 0 = 3*y - 4*r - 56, -r = 5*y + 3 - 58. Let p be ((-8)/6)/(2/(-36)). Calculate the greatest common factor of y and p.
12
Let c(o) = 350*o - 344. Let j be c(1). What is the greatest common factor of j and 768?
6
Let t be -2*((-15)/(-60))/((-1)/2). Let n(x) = 13*x. Let g be n(t). Calculate the highest common factor of 130 and g.
13
Let v(g) = 2*g - 31. Let n be v(18). Suppose 353 = 4*o + 31*f - 34*f, -3*o - n*f + 301 = 0. What is the highest common divisor of o and 115?
23
Let d(w) = -2*w**3 - 9*w**2 - w - 1. Let x be d(-6). Suppose -116*m + 48 = -x*m. Suppose -20 = m*v - 18*v. What is the highest common factor of v and 50?
10
Let j(l) = 20*l + 32. Let c be j(8). Let d be c/(-84)*(2 - 9). What is the highest common factor of d and 120?
8
Suppose 11 = 2*i - 13. Let p = -37257 + 37289. Calculate the highest common divisor of i and p.
4
Let b = 1 + 58. Suppose 61*p - b*p = 90. What is the greatest common divisor of p and 63?
9
Suppose 30*q - 34*q + 3*d + 1739 = 0, -5*q + 2167 = 3*d. Calculate the greatest common divisor of 42 and q.
14
Suppose 4*j = -196 - 16. Let u = j - 56. Let s = u + 181. Calculate the highest common divisor of 8 and s.
8
Let r(m) = 596*m**2 + 449*m. Let x be r(-1). What is the highest common divisor of x and 111?
3
Let y = -4266 - -4281. Calculate the highest common factor of 200 and y.
5
Let o be (1 + 20)/((-8)/(-128)*12). Calculate the greatest common divisor of o and 4718.
14
Let p(s) = s**3 + 2*s**2 + 7*s - 8. Let q be p(1). Suppose 0 = -2*o - q, -5*k + 0*k - 5*o = -345. What is the highest common divisor of k and 315?
35
Let c = 3351 + -3297. What is the greatest common factor of 783 and c?
27
Suppose 4*v = 2*v + 5*l + 482, 3*l + 474 = 2*v. What is the highest common factor of 990 and v?
33
Suppose -3*d - 5*o + 428 = 75, -5*d - 4*o + 571 = 0. Suppose 10*n + 11 = d. What is the greatest common factor of n and 490?
10
Suppose 7428*n - 7434*n = -36. Calculate the highest common divisor of 537 and n.
3
Let m(r) = r**3 + r**2 - 2*r + 14. Let i be (-1)/3*(-5)/(-15)*99. Let j be ((-13)/11 - 2/i)*0. Let v be m(j). Calculate the highest common factor of v and 7.
7
Suppose -5*f - 3*n = -411, 79*n - 261 = -3*f + 82*n. What is the greatest common factor of 20454 and f?
42
Let h(j) = j**3 - 5*j**2 + j - 3. Let w be h(6). Let z = -13 + w. Let v be 8*(-64 - 1)/(-5). What is the greatest common factor of v and z?
26
Let g be 3144/40 - (-24)/10. Calculate the greatest common factor of 1809 and g.
27
Let r(w) = -109*w**3 - 3*w**2 - 5*w - 3. Let v be r(-1). Suppose 3 = u - 23. Let o = u - 14. Calculate the greatest common factor of v and o.
12
Let q be ((-3)/(-9) + -1)/((-8)/5616). What is the highest common divisor of 2184 and q?
156
Let c = -248 + 303. Suppose -m + c = -2*w, 2*m - 4*w - 98 = -3*w. Calculate the highest common factor of 987 and m.
47
Let u(g) = 134*g - 520. Let f be u(5). Calculate the highest common divisor of f and 720.
30
Let y(n) = 4*n**3 - 49*n**2 + 1